s + 3. Give r(3).
-6
Let i(s) = -16*s + 452. Give i(28).
4
Let t(i) = i**3 - 4. Give t(-3).
-31
Let m(k) = k**2 - 8*k + 5. Calculate m(7).
-2
Let c(x) = x**2 + 3*x + 8. What is c(-2)?
6
Let b(a) = -a**2 + 8*a - 1. Determine b(6).
11
Let c(k) = -k - 24. Calculate c(-17).
-7
Let a(p) = p**3 - 10*p**2 + 2*p + 12. Determine a(9).
-51
Let c(z) = 5*z - 58. Determine c(11).
-3
Let f(n) = -6*n - 155. Give f(-22).
-23
Let m(u) = -8*u + 135. Calculate m(17).
-1
Let i(g) = 14*g**3 - g**2 - 4*g + 4. Determine i(1).
13
Let o(w) = 4*w + 67. What is o(-8)?
35
Let n(a) = -a**3 + a**2 - a + 2. Give n(-2).
16
Let k(j) = j**2 + 5*j + 2. Calculate k(-4).
-2
Let x(n) = 8*n**3 - n**2 + 16*n - 15. Determine x(1).
8
Let c(t) = t**2 + 21*t + 18. Calculate c(-20).
-2
Let k(b) = b**3 - 2*b**2 + 7*b - 11. What is k(2)?
3
Let q(k) = -2*k - 18. What is q(-12)?
6
Let z(s) = -4*s**2 + 6*s + 1. What is z(4)?
-39
Let x(c) = -c**3 + 14*c**2 - 33*c + 41. What is x(12)?
-67
Let w(t) = -t**3 + 2*t - 8. Calculate w(0).
-8
Let m(l) = l - 1. Calculate m(2).
1
Let a(f) = f**3 + 8*f**2 - 11*f - 12. Calculate a(-9).
6
Let s(d) = -d**3 - 18*d**2 + 2*d + 40. Determine s(-18).
4
Let f(a) = a**2 + 21*a - 26. Determine f(-22).
-4
Let y(v) = -7*v**2 + 6*v - 3. Determine y(-3).
-84
Let r(z) = -13*z + 18. What is r(8)?
-86
Let o(y) = -2*y**2 - 35*y + 68. Calculate o(-19).
11
Let m(a) = a**3 - 9*a**2 - 2*a + 17. Calculate m(9).
-1
Let z(l) = 4*l + 3. Calculate z(2).
11
Let t(s) = 29*s**2 + 2*s + 1. Give t(-1).
28
Let h(y) = -73*y - 1824. Determine h(-25).
1
Let p(a) = a**3 + 40*a**2 - 175*a + 49. What is p(-44)?
5
Let g(y) = -14*y - 2. Give g(1).
-16
Let c(b) = 2*b**3 + 4*b**2 - 2*b - 5. Calculate c(-3).
-17
Let a(s) = -s**3 + 5*s**2 - 6*s + 10. Determine a(5).
-20
Let f(h) = h**2 - 8*h + 2. Calculate f(3).
-13
Let u(x) = -x**2 + x + 3. Calculate u(6).
-27
Let z(t) = 15*t + 3. Calculate z(-1).
-12
Let x(f) = -129*f - 780. What is x(-6)?
-6
Let r(v) = v**2 - 16*v - 4. Give r(14).
-32
Let b(r) = -r**2 - 10*r - 5. Determine b(-8).
11
Let s(v) = 15*v - 19. Calculate s(5).
56
Let f(p) = 2*p**2 + 23*p + 51. Calculate f(-7).
-12
Let r(k) = -51*k - 151. Calculate r(-3).
2
Let b(v) = -v**2 + 14*v + 5. Calculate b(12).
29
Let g(p) = p**3 - 9*p**2 + 11*p + 11. Determine g(7).
-10
Let b(l) = 24*l - 23. What is b(4)?
73
Let w(s) = 2*s**2 - 11*s - 16. What is w(6)?
-10
Let n(m) = m**3 - 4*m**2 - 4*m - 19. Give n(0).
-19
Let d(o) = 15*o + 103. What is d(-6)?
13
Let l(h) = -15*h + 11. Determine l(4).
-49
Let g(p) = p**3 - 11*p**2 + 18*p + 7. Give g(6).
-65
Let f(k) = 3*k + 7. Determine f(-7).
-14
Let q(h) = -4*h + 14. Determine q(-6).
38
Let f(y) = -2*y**2 + 27*y + 28. What is f(14)?
14
Let g(b) = 2*b**2 - 7*b + 3. Give g(6).
33
Let v(l) = -3*l + 12. Calculate v(-9).
39
Let j(i) = i**2 - 6*i + 6. Determine j(5).
1
Let b(g) = -g - 2. Determine b(3).
-5
Let p(o) = -o**3 + 6*o**2 + 12*o - 5. Give p(7).
30
Let u(f) = 3*f - 6. Determine u(-10).
-36
Let w(s) = s - 10. Calculate w(-6).
-16
Let a(w) = 4*w - 7. Determine a(12).
41
Let k(f) = f**2 - 31*f + 113. Give k(27).
5
Let c(m) = -m - 34. Give c(-20).
-14
Let w(a) = a**2 - 18*a - 2. Calculate w(12).
-74
Let b(s) = -s**3 - 2*s**2 - 4*s - 1. Calculate b(0).
-1
Let f(l) = -3*l**2 - 22*l + 20. Give f(-8).
4
Let d(k) = k**3 + 15*k**2 + 15*k - 12. Give d(-14).
-26
Let h(d) = -4*d**2 - 12*d - 20. Give h(-7).
-132
Let h(w) = -11*w - 136. Determine h(-16).
40
Let b(z) = z**3 - 7*z**2 + z - 15. What is b(7)?
-8
Let s(v) = 10*v - 62. Calculate s(7).
8
Let q(m) = -m**2 - 4*m + 9. Determine q(-7).
-12
Let z(c) = c**3 - 8*c**2 - 18*c + 10. Determine z(10).
30
Let u(n) = -n**3 - 18*n**2 + 20*n - 16. Determine u(-19).
-35
Let h(o) = -o**3 - 6*o**2 + 9*o - 2. Determine h(-7).
-16
Let w(u) = -2*u - 4. What is w(-5)?
6
Let g(u) = u + 5. Give g(-10).
-5
Let j(b) = -b**3 - 10*b**2 + b - 7. Calculate j(-10).
-17
Let m(i) = -i**3 + 7*i**2 - 7*i + 21. Determine m(6).
15
Let p(m) = -m - 1. Calculate p(12).
-13
Let b(f) = 34*f + 136. Determine b(-4).
0
Let z(p) = 15*p + 331. Determine z(-21).
16
Let m(t) = -t**3 - 6*t**2 + 7*t. Determine m(-7).
0
Let t(f) = -f**3 + 10*f**2 - 13*f + 16. Give t(8).
40
Let x(u) = -16*u + 2. Calculate x(2).
-30
Let g(k) = k**3 - 10*k + 9. What is g(-5)?
-66
Let j(t) = -t**2 + 12*t + 23. Calculate j(14).
-5
Let x(f) = -f**3 - 5*f**2 - 4*f + 7. Calculate x(-6).
67
Let x(s) = s**3 - 6*s**2 + 3*s + 7. What is x(5)?
-3
Let v(a) = a**2 - 11*a - 13. Give v(12).
-1
Let g(x) = -2*x**3 + x**2 - x - 2. Calculate g(-1).
2
Let l(f) = -58*f - 1448. What is l(-25)?
2
Let s(x) = x**3 + 13*x**2 + 10*x - 14. Give s(-12).
10
Let n(z) = z**3 - 5*z**2 - 2*z. Calculate n(6).
24
Let w(n) = -3*n**3 - 3*n - 1. Calculate w(-1).
5
Let s(f) = f**2 - 22*f - 41. What is s(24)?
7
Let d(x) = -9*x**2 + x + 2. What is d(-1)?
-8
Let k(n) = n**3 - 5*n**2 - 9*n - 1. Give k(7).
34
Let q(y) = -y**2 + 410*y + 2071. Give q(-5).
-4
Let d(x) = -x**2 + 7*x + 4. What is d(9)?
-14
Let i(r) = r**3 + 9*r**2 + 16*r + 139. What is i(-9)?
-5
Let r(v) = -10*v + 54. What is r(5)?
4
Let g(x) = 5*x - 8. What is g(4)?
12
Let v(s) = s**3 + 5*s**2 + 5*s + 1. Determine v(-4).
-3
Let a(t) = 5*t + 42. What is a(-8)?
2
Let t(o) = -o**2 + 5*o. Calculate t(9).
-36
Let v(u) = 29*u**2 + 2*u + 1. What is v(-2)?
113
Let u(d) = d**2 + 9*d + 7. What is u(-7)?
-7
Let c(v) = 4*v - 4. Determine c(-3).
-16
Let a(j) = j**3 + 4*j**2 - 7*j - 4. What is a(-5)?
6
Let u(v) = v**3 - 2*v**2 - 3*v + 5. What is u(-3)?
-31
Let d(r) = 15*r. Give d(1).
15
Let i(z) = 4*z - 11. What is i(-7)?
-39
Let m(c) = 40*c**2 - 400*c - 4. Calculate m(10).
-4
Let t(x) = x**3 + 30*x**2 + 103*x - 34. What is t(-26)?
-8
Let h(s) = -s**3 + 5*s**2 + 2*s. Calculate h(6).
-24
Let h(m) = 12*m + 15. What is h(8)?
111
Let y(a) = a + 27. Give y(-10).
17
Let k(v) = -6*v**3 + 3*v**2 - 5*v + 3. Give k(1).
-5
Let w(f) = -f**3 - 8*f**2 + 10*f + 7. Calculate w(-9).
-2
Let z(u) = -4*u - 22. Give z(-10).
18
Let b(s) = -s**3 + s**2 + 3*s + 4. Give b(0).
4
Let y(x) = x - 1. What is y(7)?
6
Let k(w) = -3*w**2 - w + 1. What is k(-4)?
-43
Let m(d) = d**3 + 44*d**2 + 124*d + 43. Give m(-41).
2
Let o(d) = -d + 14. What is o(7)?
7
Let y(v) = -v**2 - 11*v - 41. Determine y(-5).
-11
Let f(b) = -b + 4. Calculate f(-10).
14
Let x(m) = -2*m. Determine x(-7).
14
Let j(a) = -a**3 - 5*a**2 + 4*a + 4. Give j(-5).
-16
Let z(j) = -j**2 - 10*j - 1. Calculate z(-10).
-1
Let v(w) = 13*w**2 + 8*w + 1. What is v(-1)?
6
Let a(l) = 2*l**3 + 11*l**2 + 3*l - 10. What is a(-5)?
0
Let j(n) = 2*n**3 - 8*n**2 + 8*n + 9. What is j(4)?
41
Let i(n) = -4*n - 14. Give i(-6).
10
Let x(j) = -6*j - 6. What is x(-3)?
12
Let a(v) = 105*v**3 + 2*v - 2. Give a(1).
105
Let k(i) = i**2 - 3*i - 4. Give k(5).
6
Let f(b) = -b**2 + 23*b + 134. Calculate f(28).
-6
Let t(k) = 11*k + 3. Give t(4).
47
Let w(m) = 6*m**3 + 2*m**2 + m - 1. Determine w(-1).
-6
Let m(b) = b**2 - 28*b + 70. Calculate m(23).
-45
Let x(f) = -120*f + 475. Give x(4).
-5
Let i(v) = v**2 + 32. What is i(0)?
32
Let j(g) = -g**3 + 7*g**2 - 7*g + 7. Determine j(7).
-42
Let g(v) = 70*v**2 + v + 2. Give g(1).
73
Let t(s) = -3*s + 2. Determine t(-8).
26
Let p(f) = f**3 + 20*f**2 + 18*f + 16. Determine p(-19).
35
Let i(u) = -34*u - 97. What is i(-3)?
5
Let w(o) = -5*o - 10. Give w(-9).
35
Let o(r) = -r**2 - 24*r + 6. What is o(-24)?
6
Let u(x) = 3*x + 71. Give u(-14).
29
Let i(n) = -6*n - 32. Calculate i(-10).
28
Let h(i) = 8*i**3. What is h(1)?
8
Let o(v) = -2*v - 11. Give o(4).
-19
Let g(m) = m**3 - 4*m**2 - 3*m. What is g(5)?
10
Let q(h) = -h**2 - 10*h - 42. What is q(-5)?
-17
Let t(y) = y**3 - 10*y**2 + 11*y + 6. What is t(6)?
-72
Let z(v) = -2*v**3 + 3*v**2 + 9*v - 3. Give z(-3).
51
Let l(n) = -2*n**3 + 7*n**2 + 4*n - 5. Calculate l(4).
-5
Let s(m) = -m**2 + 11*m - 23. Calculate s(5).
7
Let k(o) = -o**3 + 12*o + 3. Calculate k(-5).
68
Let d(s) = -4*s**3 - 3*s**2 - s - 6. Calculate d(-2).
16
Let t(z) = z**3 + 2*z**2 - 27*z - 28. Give t(-1).
0
Let x(v) = -v**2 - 5*v + 39. Determine x(-9).
3
Let z(k) = k**3 - 21*k**2 - 72*k. Calculate z(24).
0
Let r(p) = p**2 + 24*p - 211. What is r(7)?
6
Let m(w) = 81*w + 184. What is m(-2)?
22
Let c(i) = -i**3 - 6*i**2 + 5*i - 10. What is c(-7)?
4
Let d(j) = 2*j + 18. Give d(-11).
-4
Let o(a) = -3*a + 46. Calculate o(19).
-1